{"id":2,"date":"2022-09-18T16:57:17","date_gmt":"2022-09-18T14:57:17","guid":{"rendered":"http:\/\/www.somt.cz\/?page_id=2"},"modified":"2022-09-18T17:11:39","modified_gmt":"2022-09-18T15:11:39","slug":"zkusebni-stranka","status":"publish","type":"page","link":"http:\/\/www.somt.cz\/","title":{"rendered":"SOMTNET z.s."},"content":{"rendered":"\n<ul><li>Jsme zapsan\u00fd spolek s dlouholetou zku\u0161enost\u00ed poskytov\u00e1n\u00ed p\u0159ipojen\u00ed k\u00a0internetu v kopcovit\u00e9m mikroregionu Tel\u010dsko.<\/li><li>Jsme velk\u00e1 region\u00e1ln\u00ed s\u00ed\u0165 obsahuj\u00edc\u00ed n\u011bkolik tis\u00edc\u016f aktivn\u00edch prvk\u016f. Konektivitou pokr\u00fdv\u00e1me velkou \u010d\u00e1st Tel\u010dska. Vys\u00edl\u00e1me i u V\u00e1s?<\/li><li>Zaj\u00edm\u00e1 v\u00e1s v\u00edce o mo\u017enostech p\u0159ipojen\u00ed? Ur\u010dit\u011b n\u00e1s kontaktujte! T\u011b\u0161\u00edme se na spolupr\u00e1ci!<\/li><\/ul>\n\n\n\n<figure class=\"wp-block-image size-full\"><img decoding=\"async\" loading=\"lazy\" width=\"644\" height=\"320\" src=\"http:\/\/www.somt.cz\/wp-content\/uploads\/2022\/09\/slide-image-1.jpg\" alt=\"\" class=\"wp-image-38\" srcset=\"http:\/\/www.somt.cz\/wp-content\/uploads\/2022\/09\/slide-image-1.jpg 644w, http:\/\/www.somt.cz\/wp-content\/uploads\/2022\/09\/slide-image-1-300x149.jpg 300w\" sizes=\"(max-width: 644px) 100vw, 644px\" \/><\/figure>\n","protected":false},"excerpt":{"rendered":"<p>Jsme zapsan\u00fd spolek s dlouholetou zku\u0161enost\u00ed poskytov\u00e1n\u00ed p\u0159ipojen\u00ed k\u00a0internetu v kopcovit\u00e9m mikroregionu Tel\u010dsko. Jsme velk\u00e1 region\u00e1ln\u00ed s\u00ed\u0165 obsahuj\u00edc\u00ed n\u011bkolik tis\u00edc\u016f<\/p>\n","protected":false},"author":1,"featured_media":0,"parent":0,"menu_order":0,"comment_status":"closed","ping_status":"open","template":"","meta":[],"_links":{"self":[{"href":"http:\/\/www.somt.cz\/index.php\/wp-json\/wp\/v2\/pages\/2"}],"collection":[{"href":"http:\/\/www.somt.cz\/index.php\/wp-json\/wp\/v2\/pages"}],"about":[{"href":"http:\/\/www.somt.cz\/index.php\/wp-json\/wp\/v2\/types\/page"}],"author":[{"embeddable":true,"href":"http:\/\/www.somt.cz\/index.php\/wp-json\/wp\/v2\/users\/1"}],"replies":[{"embeddable":true,"href":"http:\/\/www.somt.cz\/index.php\/wp-json\/wp\/v2\/comments?post=2"}],"version-history":[{"count":2,"href":"http:\/\/www.somt.cz\/index.php\/wp-json\/wp\/v2\/pages\/2\/revisions"}],"predecessor-version":[{"id":39,"href":"http:\/\/www.somt.cz\/index.php\/wp-json\/wp\/v2\/pages\/2\/revisions\/39"}],"wp:attachment":[{"href":"http:\/\/www.somt.cz\/index.php\/wp-json\/wp\/v2\/media?parent=2"}],"curies":[{"name":"wp","href":"https:\/\/api.w.org\/{rel}","templated":true}]}}